0 - 3/2*s**3 - 1/12*s**4. Determine k(-8).
4
Suppose -4*b + 3*b - i = -5, 3*b - 18 = -4*i. Let m be 2*(-1 + b) - -3. Let g(t) = -t**2 + 6*t. Calculate g(m).
5
Let h(z) = -3*z**3 - 2*z**2 - 2*z - 3. Let v(m) = 2*m**3 + 2*m**2 + m + 3. Let u(n) = 4*h(n) + 5*v(n). Calculate u(2).
-11
Let m(z) be the third derivative of z**5/30 + z**4/24 + z**3/6 + 14*z**2. What is m(-2)?
7
Let v be (1 + 2)/(3/8). Suppose -2*u - 2 = -4*o, -2*u + v = -2*o + 2*u. Let g(i) = i - 5*i**2 + i**2 - o*i. Determine g(-1).
-3
Let l(f) = -f**2 - 10*f + 10. Let b be l(-11). Let i(a) = -7*a - 1. Determine i(b).
6
Suppose 3 = z + 1. Let m(c) = 0 + 0 + c**2 + z + 3*c. Give m(-2).
0
Let a(z) = -3*z + 3. Let m(k) = k**3 + 7*k**2 + k + 10. Let w be m(-7). What is a(w)?
-6
Let v be 4*4/(-12)*12. Let x = v - -14. Let p(t) be the first derivative of 3*t**2/2 + 3*t + 1. Give p(x).
-3
Suppose 0 = -4*r - 5*s + 22, 5*r = 2*r - s + 11. Let l(i) = 2 + 0 - i**3 - 3*i - i**2 + 5*i**2. Give l(r).
2
Suppose 2 = -3*n + n. Let r(j) = -11*j**2 - 1. Give r(n).
-12
Let i(v) be the third derivative of -v**4/24 - v**3/3 + 27*v**2. Suppose 6 = 2*p - 2. Determine i(p).
-6
Let n = -7 + 3. Suppose 2*j + 0*d - 23 = 5*d, 0 = -5*j + 2*d + 26. Let q(f) = -4 - j*f + 11*f**2 - 12*f**2 - 2*f. What is q(n)?
4
Let k(y) = -y**3 + y + 3. Let l = 11 - 7. Let b = 7 - l. Let s = b + -3. Calculate k(s).
3
Let s(k) = k**2 - 6*k - 4. Suppose g = 17 + 3. Suppose -4*q = -0*q - g. What is s(q)?
-9
Let g(a) = -a**2 + 9*a - 3. Let v(f) = -8*f - 12. Let x be v(-2). What is g(x)?
17
Let h(z) be the second derivative of -z**4/6 + z**3 + 7*z**2/2 + z. Suppose -2 = -4*c - y + 19, 2*c = 2*y + 8. Give h(c).
-13
Let t(q) = 13*q. Suppose -4*u - 14 = -2*b, -3*u + 2*b + 3 = 16. Determine t(u).
-13
Let q(k) = 59*k - 31*k - 27*k + 1 + 3. What is q(-3)?
1
Let s(u) = 7*u**2 + u. Let j(f) = 2*f + 4. Let q be j(-3). Let r be (-1 + 6/4)*q. Determine s(r).
6
Let b(s) be the second derivative of 11*s**3/6 + s**2/2 - 14*s. Let q be ((-7)/(-28))/(2/(-8)). Determine b(q).
-10
Let x(w) = w**3 + w**2 + w - 1. Let b(h) = h**2 + 4*h - 6. Let f be b(-5). Let y(s) = 7*s**3 + 7*s**2 + 6*s - 7. Let l(i) = f*y(i) + 6*x(i). Determine l(-2).
5
Suppose -7*l + 12*l - 5 = 0. Let o(q) = 13*q**3 + q**2 - q. What is o(l)?
13
Let f be 64/(-10) + (-2)/(-5). Let b(q) = 697*q**2 + 8*q - q - 696*q**2. What is b(f)?
-6
Let n(t) = -18*t + 18. Let i(p) = p - 1. Let b(a) = -15*i(a) - n(a). Determine b(4).
9
Let y(q) be the first derivative of q**4/4 + 2*q**3 + 5*q**2/2 - 2*q - 21. Determine y(-5).
-2
Let c(h) = h**2. Suppose -q = q + 58. Let f = -17 - q. Suppose 0 = -4*g + f, 2*z + 2*g + 2*g = 16. Calculate c(z).
4
Let f = 2 - -1. Let u = 3 + f. Let v(y) = -y**3 + 7*y**2 - 9*y + 8. What is v(u)?
-10
Let t(p) = p + 1. Let h(v) = 8*v + 22. Let i(a) = 3*a + 9. Let y(n) = 5*h(n) - 12*i(n). Let c(z) = 2*t(z) - y(z). What is c(-2)?
4
Suppose -4*i + 2*i - 14 = 0. Let k(q) = 4*q**2 - 8 + 2*q**2 - 8*q**2 + 6*q**2 - 5*q**2 - 8*q. Give k(i).
-1
Suppose -r - r = -4. Let d(a) = a**3 + a + 1. Let q(y) = -4*y**2 + 2*y - 5. Let w be 12/(-9) + (-1)/(-3). Let l(n) = w*q(n) - 2*d(n). What is l(r)?
-5
Let k(c) = -2*c - 2 - 3 - 6. Let n(h) = -h - 6. Let p(j) = j**2 + 11*j - 2. Let m be p(-11). Let x(f) = m*k(f) + 5*n(f). Determine x(0).
-8
Let j(w) = 4 - 5*w**3 + 6 - 9 - 2*w + 2*w**2. What is j(1)?
-4
Let z = -7 - -8. Let m = -5 + 7. Let w(h) = 3*h**2 + 1 - 5*h**2 - 5*h**2 - 4*h**m. Calculate w(z).
-10
Let b(m) = 4*m - 2. Let g(j) = -2*j + 5. Let s be g(0). What is b(s)?
18
Let u(f) = f + 3. Suppose v + 0*v + 4 = -2*r, -3*r - 17 = -4*v. Determine u(r).
0
Let b(z) = -7*z**3 + 5*z**2 + 10*z. Let q(r) = r**3 - 5*r - 3. Let c(x) = x + 1. Let p(h) = -4*c(h) - q(h). Let t(s) = -b(s) + 6*p(s). Give t(6).
6
Let v(q) = q - 1. Suppose 3*a - 7*a - 4 = 0. Let w be -3 + 1 + 4/a. Determine v(w).
-7
Let h = -64 - -67. Let p(j) = j**2 - 4*j + 1. Calculate p(h).
-2
Let h(z) = 3*z**3 + 5*z**2 + 6*z - 7. Let n = -5 + 9. Let b(o) = -o**3 - o. Suppose 2*g - 3 = -g. Let q(p) = g*h(p) + n*b(p). Give q(5).
3
Let x(h) = -33*h - 34*h + 66*h + 3. Calculate x(7).
-4
Let v(n) = -n - 12. Let x be v(-6). Let t(m) = -1. Let p(s) = 3*s - 11. Let u(d) = -d. Let o(y) = p(y) + 4*u(y). Let g(j) = -o(j) + 5*t(j). What is g(x)?
0
Let u(k) = 3*k**3 + 1. Let g be u(1). Let h(r) = g*r**2 - 2*r**2 + 2*r**2 - 5*r**2 - 4*r + 1. Determine h(-4).
1
Let m(y) = -y**2 - 2*y + 16. Let k be m(3). Let h(v) = -v. What is h(k)?
-1
Let g(c) = c + 4. Suppose 5*b + 4*j = 108, 0*b + 2*j + 30 = b. Let l = b + -28. Give g(l).
0
Let y(z) = -3*z**3 + 9*z**2 - z + 1. Let g(a) = -4*a**3 + 13*a**2 - a + 2. Let t(h) = -5*g(h) + 7*y(h). What is t(-2)?
1
Let j(o) = 5*o**2 - 3*o + 7. Let r(f) = 9*f**2 - 6*f + 14. Let d(w) = 11*j(w) - 6*r(w). Suppose 2*k + k = -15. What is d(k)?
3
Let h(y) = 7*y - 1. Let p be h(3). Suppose -2*s + p = 3*s. Let u(b) = -b**2 - 6 + 6*b + 0 + b. Determine u(s).
6
Let a(x) = x**3 - 11*x**2 - 2. Let i be a(11). Let m = i + 1. Let o(u) = -u. Let h(v) = 3*v - 1. Let p(d) = -h(d) + 2*o(d). Determine p(m).
6
Let q(d) be the first derivative of 3*d**2/2 - 7*d + 49. Give q(-5).
-22
Suppose 9*o - 4*o = 5*j - 25, -6 = -2*o. Let n(b) = b**2 - 9*b - 1. Determine n(j).
-9
Let w(g) = 11*g**3 + 2*g**2 - 1. Let c be w(-1). Let j(u) = -2*u - 13. Calculate j(c).
7
Let d be 1 + (3 - 2)*-1. Let h = 3 + d. Suppose h*g = 2*l + 16, 5*l - g + 6 = -2*g. Let s(z) = z**3 + z + 2. What is s(l)?
-8
Let b(y) = 3*y + 1. Let g be b(0). Let x(z) = z**2 - 2*z. Give x(g).
-1
Let k(n) = -3*n + 0 + 2*n - 1. Let d(j) = j + 1. Let r(x) = 5*d(x) + 4*k(x). Suppose 0 = 3*p - 10 + 13. What is r(p)?
0
Let j(w) be the third derivative of -w**5/15 - 16*w**2. What is j(-1)?
-4
Suppose 2*f - 5*f - 18 = 0. Let r(k) = k**2 + 5*k - 6. Let m be r(f). Let h(c) = c + 2. What is h(m)?
2
Let h(p) be the second derivative of -p**3/3 + p. Let s = -113 + 111. Determine h(s).
4
Let h(f) = -5*f**3 - 17*f**2 - 12*f + 1. Let k(y) = -2*y**3 - 8*y**2 - 6*y. Let g(w) = 3*h(w) - 7*k(w). What is g(6)?
3
Let h(b) be the second derivative of -b**3/6 + b. Suppose -q + 25 = 4*q. Determine h(q).
-5
Let x(n) = n + 19. Let r(s) = 4*s + 77. Let o(q) = -2*r(q) + 9*x(q). Determine o(-7).
10
Suppose -241*g + 238*g = -6. Let o(y) = y**2 + 3*y - 3. Calculate o(g).
7
Let g(z) = 2*z - 2. Suppose 2 = -v - 0, 0 = b + 5*v + 14. Let h(m) = -m - 7. Let f be h(b). Calculate g(f).
-8
Let i(t) be the second derivative of 7*t**3/6 - t**2 - 14*t + 1. Give i(-4).
-30
Suppose 3*f + 3*k = 0, -10 = -3*f + 2*k - 0*k. Let j(z) be the first derivative of -z**3/3 - z**2/2 - z + 1. Give j(f).
-7
Let m(i) = i**2 + 3*i + 2. Suppose -2*q = 2*q. Suppose 0*f - f = 2*y, 2*f + 3*y + 1 = q. Give m(f).
0
Let i be 2/10 - 5/25. Let u be (-76)/(-6) + (-2)/(-6). Let c(d) = 5*d**2 - d + 2. Let l(x) = -11*x**2 + 2*x - 3. Let m(h) = u*c(h) + 6*l(h). Determine m(i).
8
Let q(r) be the first derivative of -r**2 - r - 2. Let u be 1*((-4 - -2) + 0). What is q(u)?
3
Let p(r) = 4*r**3 - r**3 - 4*r**3 + 4*r**2 - 4*r. Let y = -1 - -6. Suppose -4*l + 32 = -y*h, 2*h - 6*h - 25 = -3*l. Calculate p(l).
-3
Let s(m) = m**2 - m. Let a be s(3). Let k be -2*3/a + -2. Let b(h) be the first derivative of h**3/3 + 3*h**2/2 + 3*h + 1. What is b(k)?
3
Let u(s) = -2*s**2. Let d(j) = -2*j**3 - j + 1. Let m be d(1). What is u(m)?
-8
Let m(x) = x**3 - 5*x**2 + x + 2. Let b = 48 - 43. Give m(b).
7
Let v = -284 - -100. Let f be v/(-56) + (-4)/14. Let p(u) be the second derivative of u**5/20 - u**4/12 - u**3/2 - u**2/2 + u. Determine p(f).
8
Let b(j) be the third derivative of j**6/120 + j**5/12 - j**4/4 + j**3/3 + 4*j**2. Calculate b(-6).
2
Suppose 4*c - c - 9 = 0. Suppose y = f - 3, -5*y + y + c*f = 12. Let i(a) = 2*a + 4. What is i(y)?
-2
Suppose 0 = -2*b - 0*b - 6. Let t(k) = 3*k**3 + k**2 - 12*k - 4. Let h(n) = -n**3 + 4*n + 1. Let s(l) = -8*h(l) - 3*t(l). What is s(b)?
-8
Let t be (0 - 4)/(3/(-6)). Let b(p) = 4*p**3 - 7*p**2 + 10*p - 5. Let n(l) = 11*l**3 - 21*l**2 + 29*l - 15. Let y(i) = t*b(i) - 3*n(i). Calculate y(6).
-1
Suppose -10 = 2*k + 3*k. Let q(t) = 10*t + 3. Let a(j) = 19*j + 6. Let w(y) = -6*a(y) + 11*q(y). Calculate w(k).
5
Let c(n) = -5*n - 1. Let y be c(-1). Suppose 5*m + 4*f - 7 = 0, 3*f = y*m + 7*f - 8. Let h(z) = 2*z - 5*z + 4*z**2 + 4*z. What is h(m)?
